Convert 0 (base 15) to base 7.
0
11 (base 4) to base 11
5
1203 (base 4) to base 10
99
What is -1100 (base 2) in base 3?
-110
14 (base 12) to base 4
100
What is -546 (base 7) in base 4?
-10113
What is -1 (base 14) in base 5?
-1
11212 (base 3) to base 11
10a
20102 (base 3) to base 15
b8
Convert -30 (base 5) to base 4.
-33
Convert 2212 (base 3) to base 7.
140
What is -1 (base 7) in base 9?
-1
-14 (base 8) to base 15
-c
What is -2d (base 15) in base 6?
-111
What is -112 (base 4) in base 15?
-17
What is 0 (base 8) in base 11?
0
Convert 7 (base 11) to base 12.
7
What is -3 (base 5) in base 16?
-3
3 (base 13) to base 4
3
Convert 21012 (base 3) to base 2.
11000010
What is 330 (base 8) in base 9?
260
Convert 0 (base 2) to base 16.
0
11 (base 5) to base 4
12
Convert 2 (base 11) to base 9.
2
Convert 0 (base 8) to base 13.
0
Convert -a (base 13) to base 15.
-a
What is -5 (base 16) in base 7?
-5
What is -2 (base 3) in base 10?
-2
Convert -1 (base 8) to base 10.
-1
What is -322 (base 4) in base 11?
-53
20 (base 13) to base 16
1a
What is 3 (base 8) in base 9?
3
What is 5 (base 8) in base 15?
5
What is 13 (base 11) in base 13?
11
Convert 2 (base 14) to base 13.
2
What is -47 (base 11) in base 8?
-63
Convert 3 (base 13) to base 3.
10
What is 76 (base 15) in base 8?
157
10011100 (base 2) to base 12
110
Convert -4d (base 14) to base 4.
-1011
Convert 3302 (base 4) to base 15.
112
551 (base 7) to base 3
101102
What is -3 (base 7) in base 12?
-3
What is -2 (base 7) in base 2?
-10
What is 2 (base 6) in base 7?
2
3 (base 13) to base 9
3
What is 14 (base 6) in base 3?
101
10100000 (base 2) to base 7
316
11 (base 2) to base 4
3
-4 (base 6) to base 12
-4
Convert -1 (base 6) to base 8.
-1
1 (base 9) to base 3
1
What is -4a (base 12) in base 16?
-3a
What is 3 (base 6) in base 15?
3
What is -6 (base 9) in base 12?
-6
Convert -12 (base 5) to base 14.
-7
20 (base 6) to base 12
10
39 (base 11) to base 9
46
What is -53 (base 10) in base 5?
-203
What is 1212 (base 3) in base 5?
200
Convert 84 (base 14) to base 10.
116
What is -21 (base 3) in base 16?
-7
What is -4 (base 13) in base 15?
-4
12 (base 6) to base 16
8
-434 (base 7) to base 14
-11b
-100 (base 4) to base 13
-13
Convert 10 (base 11) to base 8.
13
What is -21 (base 7) in base 4?
-33
What is 94 (base 10) in base 12?
7a
What is 16 (base 16) in base 9?
24
-1103 (base 4) to base 12
-6b
238 (base 13) to base 4
12001
What is 402 (base 5) in base 14?
74
Convert -2 (base 9) to base 11.
-2
Convert 6 (base 10) to base 14.
6
0 (base 13) to base 12
0
What is -55 (base 15) in base 16?
-50
What is 10 (base 9) in base 5?
14
Convert -2 (base 12) to base 3.
-2
What is -33 (base 7) in base 9?
-26
What is -5b (base 12) in base 11?
-65
Convert 0 (base 9) to base 7.
0
-120 (base 16) to base 5
-2123
0 (base 14) to base 5
0
What is -1 (base 11) in base 14?
-1
3 (base 5) to base 7
3
What is 13 (base 6) in base 2?
1001
Convert 10000 (base 2) to base 8.
20
What is -10111011 (base 2) in base 6?
-511
Convert -402 (base 6) to base 4.
-2102
17 (base 10) to base 7
23
3 (base 6) to base 8
3
Convert -132 (base 10) to base 12.
-b0
What is 1 (base 11) in base 7?
1
What is -7 (base 14) in base 16?
-7
-33 (base 16) to base 12
-43
Convert 8 (base 13) to base 14.
8
What is -90 (base 10) in base 7?
-156
What is 19 (base 16) in base 6?
41
-1332 (base 5) to base 3
-22001
-13 (base 8) to base 4
-23
What is 4c (base 16) in base 9?
84
Convert b (base 15) to base 8.
13
Convert 6 (base 9) to base 2.
110
Convert -11 (base 5) to base 6.
-10
What is -111 (base 2) in base 16?
-7
-100010 (base 2) to base 5
-114
Convert -1b (base 12) to base 16.
-17
4f (base 16) to base 2
1001111
Convert -6 (base 13) to base 4.
-12
What is 60 (base 11) in base 15?
46
What is -2 (base 5) in base 6?
-2
What is 4 (base 10) in base 2?
100
Convert -1010 (base 4) to base 9.
-75
What is -1 (base 15) in base 12?
-1
Convert -11 (base 3) to base 4.
-10
20 (base 12) to base 14
1a
What is -74 (base 8) in base 16?
-3c
What is -1222 (base 3) in base 6?
-125
What is 3 (base 8) in base 13?
3
What is 4 (base 14) in base 9?
4
Convert -8 (base 14) to base 4.
-20
Convert -8 (base 15) to base 9.
-8
-22 (base 10) to base 3
-211
Convert 18 (base 11) to base 13.
16
Convert 10021 (base 3) to base 6.
224
Convert 13 (base 5) to base 13.
8
1001 (base 2) to base 13
9
What is bc (base 15) in base 10?
177
Convert -3 (base 7) to base 10.
-3
13 (base 6) to base 8
11
4 (base 15) to base 16
4
0 (base 3) to base 8
0
1 (base 10) to base 7
1
What is 112 (base 6) in base 4?
230
-344 (base 9) to base 14
-163
-79 (base 16) to base 7
-232
-9 (base 12) to base 4
-21
Convert 2 (base 3) to base 10.
2
-100 (base 2) to base 14
-4
What is -100 (base 3) in base 9?
-10
-11 (base 3) to base 16
-4
Convert -3 (base 9) to base 2.
-11
What is -1043 (base 6) in base 3?
-100000
What is -10 (base 2) in base 9?
-2
-3 (base 12) to base 11
-3
What is 218 (base 11) in base 16?
105
Convert -3 (base 10) to base 5.
-3
0 (base 8) to base 6
0
Convert -2 (base 8) to base 15.
-2
What is 2 (base 6) in base 3?
2
Convert -1011 (base 2) to base 5.
-21
-133 (base 6) to base 13
-45
140 (base 6) to base 16
3c
What is 3 (base 12) in base 9?
3
Convert 1 (base 9) to base 8.
1
2 (base 3) to base 13
2
-2 (base 16) to base 3
-2
Convert -a (base 16) to base 10.
-10
What is 210 (base 8) in base 5?
1021
What is 5 (base 6) in base 12?
5
What is -12 (base 7) in base 3?
-100
6b (base 15) to base 16
65
Convert -2120 (base 3) to base 9.
-76
What is -10 (base 8) in base 6?
-12
Convert 110 (base 2) to base 8.
6
What is 250 (base 7) in base 8?
205
Convert 7 (base 15) to base 13.
7
Convert -2 (base 10) to base 9.
-2
Convert 10020 (base 3) to base 6.
223
What is -1211 (base 3) in base 13?
-3a
0 (base 11) to base 6
0
25 (base 11) to base 14
1d
What is -121 (base 3) in base 5?
-31
0 (base 7) to base 4
0
Convert 31 (base 16) to base 5.
144
Convert -3 (base 16) to base 6.
-3
Convert 20 (base 3) to base 4.
12
What is 6 (base 12) in base 4?
12
-2 (base 8) to base 7
-2
Convert -106 (base 7) to base 10.
-55
What is -15 (base 6) in base 9?
-12
Convert 24 (base 11) to base 9.
28
22 (base 4) to base 8
12
2a (base 13) to base 12
30
What is 0 (base 9) in base 11?
0
Convert -10 (base 6) to base 4.
-12
Convert 1b9 (base 13) to base 2.
101000001
What is 52 (base 14) in base 13?
57
-1 (base 6) to base 2
-1
Convert 70 (base 11) to base 12.
65
Convert -a (base 12) to base 16.
-a
Convert 0 (base 3) to base 15.
0
-12 (base 8) to base 11
-a
-2 (base 5) to base 16
-2
What is 61 (base 9) in base 11?
50
Convert -3 (base 5) to base 8.
-3
8b (base 15) to base 3
11212
-23 (base 6) to base 9
-16
-1c (base 16) to base 7
-40
-91 (base 13) to base 9
-141
231 (base 4) to base 15
30
Convert 2 (base 14) to base 9.
2
What is 4 (base 16) in base 13?
4
-10a (base 12) to base 11
-130
11 (base 9) to base 2
1010
Convert 0 (base 9) to base 8.
0
0 (base 13) to base 14
0
-12 (base 5) to base 4
-13
-60 (base 13) to base 5
-303
Convert -14 (base 13) to base 15.
-12
What is 2 (base 8) in base 2?
10
Convert -1122 (base 3) to base 12.
-38
Convert -3 (base 13) to base 14.
-3
What is 2 (base 9) in base 2?
10
Convert 1 (base 16) to base 10.
1
Convert 21 (base 7) to base 2.
1111
Convert -111 (base 2) to base 4.
-13
Convert -34 (base 9) to base 8.
-37
What is -13 (base 8) in base 14?
-b
-1 (base 9) to base 2
-1
-431 (base 5) to base 14
-84
Convert 0 (base 2) to base 10.
0
-28 (base 16) to base 15
-2a
-11 (base 7) to base 4
-20
1 (base 3) to base 13
1
What is -1010101 (base 2) in base 7?
-151
0 (base 10) to base 3
0
6 (base 11) to base 13
6
What is 21 (base 13) in base 12?
23
What is 2 (base 9) in base 11?
2
323 (base 6) to base 4
1323
Convert 10 (base 2) to base 5.
2
Convert 163 (base 9) to base 2.
10001010
1b (base 12) to base 8
27
Convert 12102 (base 3) to base 7.
266
What is -5 (base 15) in base 7?
-5
-26 (base 15) to base 9
-40
Convert -125 (base 6) to base 2.
-110101
36 (base 8) to base 3
1010
Convert 311 (base 8) to base 9.
243
Convert be (base 16) to base 14.
d8
-361 (base 7) to base 6
-514
Convert 102 (base 3) to base 5.
21
Convert 11 (base 7) to base 4.
20
4 (base 16) to base 15
4
What is 11 (base 15) in base 7?
22
-3120 (base 4) to base 5
-1331
What is -33 (base 14) in base 10?
-45
What is 3 (base 10) in base 8?
3
Conve